{"id":141,"date":"2024-02-09T14:40:42","date_gmt":"2024-02-09T14:40:42","guid":{"rendered":"https:\/\/www.skiriege-oltingen.ch\/?page_id=141"},"modified":"2026-03-20T09:20:33","modified_gmt":"2026-03-20T09:20:33","slug":"141-2","status":"publish","type":"page","link":"https:\/\/www.skiriege-oltingen.ch\/","title":{"rendered":""},"content":{"rendered":"\n<div class=\"wp-block-group alignfull has-contrast-3-background-color has-background has-global-padding is-layout-constrained wp-container-core-group-is-layout-60c154a9 wp-block-group-is-layout-constrained\" style=\"padding-top:var(--wp--preset--spacing--20);padding-right:var(--wp--preset--spacing--20);padding-bottom:var(--wp--preset--spacing--20);padding-left:var(--wp--preset--spacing--20)\">\n<figure class=\"wp-block-image alignwide size-full is-style-rounded is-style-rounded--1\"><img loading=\"lazy\" decoding=\"async\" width=\"960\" height=\"300\" src=\"https:\/\/www.skiriege-oltingen.ch\/wp-content\/uploads\/2024\/01\/pic10-2.jpg\" alt=\"\" class=\"wp-image-18\" srcset=\"https:\/\/www.skiriege-oltingen.ch\/wp-content\/uploads\/2024\/01\/pic10-2.jpg 960w, https:\/\/www.skiriege-oltingen.ch\/wp-content\/uploads\/2024\/01\/pic10-2-300x94.jpg 300w, https:\/\/www.skiriege-oltingen.ch\/wp-content\/uploads\/2024\/01\/pic10-2-768x240.jpg 768w\" sizes=\"auto, (max-width: 960px) 100vw, 960px\" \/><\/figure>\n<\/div>\n\n\n\n<hr class=\"wp-block-separator has-alpha-channel-opacity is-style-dots\" style=\"margin-top:var(--wp--preset--spacing--40);margin-bottom:var(--wp--preset--spacing--40)\"\/>\n\n\n\n<p class=\"has-text-align-center\" style=\"margin-right:var(--wp--preset--spacing--60);margin-left:var(--wp--preset--spacing--60)\">Herzlich willkommen auf unserer Webseite. Wir informieren laufend, wann der Lift und die Skih\u00fctte in Betrieb, resp. offen sind. Nat\u00fcrlich sind wir auch auf Facebook, Instagram sowie WhatsApp aktiv, mit laufend aktuellen Beitr\u00e4gen und Fotos zum Ski- und H\u00fcttenbetrieb.<\/p>\n\n\n\n<hr class=\"wp-block-separator has-alpha-channel-opacity is-style-dots\" style=\"margin-top:var(--wp--preset--spacing--40);margin-bottom:var(--wp--preset--spacing--40)\"\/>\n\n\n\n<h2 class=\"wp-block-heading alignfull has-text-align-center has-base-color has-contrast-2-background-color has-text-color has-background has-link-color wp-elements-0d8c1ab03980d744fe2decae50cde7d7\" style=\"font-style:normal;font-weight:300\">Skilift \/ Pisten<\/h2>\n\n\n\n<hr class=\"wp-block-separator has-alpha-channel-opacity is-style-dots\" style=\"margin-top:var(--wp--preset--spacing--10);margin-bottom:var(--wp--preset--spacing--10)\"\/>\n\n\n\n<h3 class=\"wp-block-heading has-text-align-center\">Lift \/ Pisten: <strong>Saisonende<\/strong><\/h3>\n\n\n\n<p class=\"has-text-align-center\">Piste B\u00e4renacher: <strong>geschlossen<\/strong><\/p>\n\n\n\n<p class=\"has-text-align-center\">Piste Oltsch\u00fcr: <strong>geschlossen<\/strong><\/p>\n\n\n\n<p class=\"has-text-align-center\">Letzter Schneefall: 30.01.2026<\/p>\n\n\n\n<p class=\"has-text-align-center\">Schneeh\u00f6he Schafmatt: &#8211;<\/p>\n\n\n\n<p class=\"has-text-align-center\">Pistenzustand: &#8211;<\/p>\n\n\n\n<hr class=\"wp-block-separator has-alpha-channel-opacity is-style-dots\" style=\"margin-top:var(--wp--preset--spacing--40);margin-bottom:var(--wp--preset--spacing--40)\"\/>\n\n\n\n<h3 class=\"wp-block-heading has-text-align-center\"><span>Betriebszeiten<\/span><\/h3>\n\n\n\n<p class=\"has-text-align-center\">12.00 Uhr &#8211; 16.30 Uhr<\/p>\n\n\n\n<p class=\"has-text-align-center\" style=\"margin-top:0;margin-right:0;margin-bottom:0;margin-left:0;padding-right:var(--wp--preset--spacing--10);padding-left:var(--wp--preset--spacing--10)\"><\/p>\n\n\n\n<hr class=\"wp-block-separator has-alpha-channel-opacity is-style-dots\" style=\"margin-top:var(--wp--preset--spacing--40);margin-bottom:var(--wp--preset--spacing--40)\"\/>\n\n\n\n<h3 class=\"wp-block-heading has-text-align-center\"><span>Preise<\/span> Skiticket<\/h3>\n\n\n\n<p class=\"has-text-align-center\" style=\"padding-right:var(--wp--preset--spacing--10);padding-left:var(--wp--preset--spacing--10)\">Es steht bei der Talstation ein K\u00e4sseli bereit. Die Skiriege freut sich \u00fcber einen Zustupf.<\/p>\n\n\n\n<p class=\"has-text-align-center\" style=\"padding-right:var(--wp--preset--spacing--10);padding-left:var(--wp--preset--spacing--10)\"><strong>Bezahlung mit Twint m\u00f6glich.<\/strong><\/p>\n\n\n\n<hr class=\"wp-block-separator has-alpha-channel-opacity is-style-dots\" style=\"margin-top:var(--wp--preset--spacing--40);margin-bottom:var(--wp--preset--spacing--40)\"\/>\n\n\n\n<h2 class=\"wp-block-heading alignfull has-text-align-center has-base-color has-contrast-2-background-color has-text-color has-background has-link-color wp-elements-01787bf0c4d82a345c371133188aaac9\" style=\"font-style:normal;font-weight:300\">Skih\u00fctte \/ Skibar<\/h2>\n\n\n\n<hr class=\"wp-block-separator has-alpha-channel-opacity is-style-dots\" style=\"margin-top:var(--wp--preset--spacing--10);margin-bottom:var(--wp--preset--spacing--10)\"\/>\n\n\n\n<h3 class=\"wp-block-heading has-text-align-center\">\u00d6ffnungszeiten<\/h3>\n\n\n\n<p class=\"has-text-align-center\" style=\"padding-right:var(--wp--preset--spacing--10);padding-left:var(--wp--preset--spacing--10)\">Bei Liftbetrieb ab 12.00 Uhr ge\u00f6ffnet, oder gem\u00e4ss Winterprogramm<\/p>\n\n\n\n<p class=\"has-text-align-center\"><strong>Bezahlung mit Twint m\u00f6glich.<\/strong><\/p>\n\n\n\n<hr class=\"wp-block-separator has-alpha-channel-opacity is-style-dots\" style=\"margin-top:var(--wp--preset--spacing--40);margin-bottom:var(--wp--preset--spacing--40)\"\/>\n\n\n\n<h3 class=\"wp-block-heading has-text-align-center\"><strong>Winterprogramm 2026 \/ 2027<\/strong>, folgt&#8230;<\/h3>\n\n\n\n<p class=\"has-text-align-center\" style=\"padding-right:var(--wp--preset--spacing--10);padding-left:var(--wp--preset--spacing--10)\">Datum &#8212; Menu<\/p>\n\n\n\n<p class=\"has-text-align-center\">Datum &#8212; Menu<\/p>\n\n\n\n<p class=\"has-text-align-center\">Datum &#8212; Menu<\/p>\n\n\n\n<p class=\"has-text-align-center\">Datum &#8212; Menu<\/p>\n\n\n\n<p class=\"has-text-align-center\" style=\"padding-right:var(--wp--preset--spacing--10);padding-left:var(--wp--preset--spacing--10)\">Datum &#8212; Menu<\/p>\n\n\n\n<p class=\"has-text-align-center\">Datum &#8212; Menu<\/p>\n\n\n\n<p class=\"has-text-align-center\"><strong>Saisonschluss<\/strong> Datum &#8212; Menu<\/p>\n","protected":false},"excerpt":{"rendered":"<p>Herzlich willkommen auf unserer Webseite. Wir informieren laufend, wann der Lift und die Skih\u00fctte in Betrieb, resp. offen sind. Nat\u00fcrlich sind wir auch auf Facebook, Instagram sowie WhatsApp aktiv, mit laufend aktuellen Beitr\u00e4gen und Fotos zum Ski- und H\u00fcttenbetrieb. Skilift \/ Pisten Lift \/ Pisten: Saisonende Piste B\u00e4renacher: geschlossen Piste Oltsch\u00fcr: geschlossen Letzter Schneefall: 30.01.2026 [&hellip;]<\/p>\n","protected":false},"author":1,"featured_media":0,"parent":0,"menu_order":0,"comment_status":"closed","ping_status":"closed","template":"","meta":{"footnotes":""},"class_list":["post-141","page","type-page","status-publish","hentry"],"_links":{"self":[{"href":"https:\/\/www.skiriege-oltingen.ch\/index.php\/wp-json\/wp\/v2\/pages\/141","targetHints":{"allow":["GET"]}}],"collection":[{"href":"https:\/\/www.skiriege-oltingen.ch\/index.php\/wp-json\/wp\/v2\/pages"}],"about":[{"href":"https:\/\/www.skiriege-oltingen.ch\/index.php\/wp-json\/wp\/v2\/types\/page"}],"author":[{"embeddable":true,"href":"https:\/\/www.skiriege-oltingen.ch\/index.php\/wp-json\/wp\/v2\/users\/1"}],"replies":[{"embeddable":true,"href":"https:\/\/www.skiriege-oltingen.ch\/index.php\/wp-json\/wp\/v2\/comments?post=141"}],"version-history":[{"count":60,"href":"https:\/\/www.skiriege-oltingen.ch\/index.php\/wp-json\/wp\/v2\/pages\/141\/revisions"}],"predecessor-version":[{"id":230,"href":"https:\/\/www.skiriege-oltingen.ch\/index.php\/wp-json\/wp\/v2\/pages\/141\/revisions\/230"}],"wp:attachment":[{"href":"https:\/\/www.skiriege-oltingen.ch\/index.php\/wp-json\/wp\/v2\/media?parent=141"}],"curies":[{"name":"wp","href":"https:\/\/api.w.org\/{rel}","templated":true}]}}

<div class="wp-block-group alignfull has-contrast-3-background-color has-background has-global-padding is-layout-constrained wp-container-core-group-is-layout-60c154a9 wp-block-group-is-layout-constrained" style="padding-top:var(--wp--preset--spacing--20);padding-right:var(--wp--preset--spacing--20);padding-bottom:var(--wp--preset--spacing--20);padding-left:var(--wp--preset--spacing--20)">
<figure class="wp-block-image alignwide size-full is-style-rounded is-style-rounded--1"><img loading="lazy" decoding="async" width="960" height="300" src="https://www.skiriege-oltingen.ch/wp-content/uploads/2024/01/pic10-2.jpg" alt="" class="wp-image-18" srcset="https://www.skiriege-oltingen.ch/wp-content/uploads/2024/01/pic10-2.jpg 960w, https://www.skiriege-oltingen.ch/wp-content/uploads/2024/01/pic10-2-300x94.jpg 300w, https://www.skiriege-oltingen.ch/wp-content/uploads/2024/01/pic10-2-768x240.jpg 768w" sizes="auto, (max-width: 960px) 100vw, 960px" /></figure>
</div>



<hr class="wp-block-separator has-alpha-channel-opacity is-style-dots" style="margin-top:var(--wp--preset--spacing--40);margin-bottom:var(--wp--preset--spacing--40)"/>



<p class="has-text-align-center" style="margin-right:var(--wp--preset--spacing--60);margin-left:var(--wp--preset--spacing--60)">Herzlich willkommen auf unserer Webseite. Wir informieren laufend, wann der Lift und die Skihütte in Betrieb, resp. offen sind. Natürlich sind wir auch auf Facebook, Instagram sowie WhatsApp aktiv, mit laufend aktuellen Beiträgen und Fotos zum Ski- und Hüttenbetrieb.</p>



<hr class="wp-block-separator has-alpha-channel-opacity is-style-dots" style="margin-top:var(--wp--preset--spacing--40);margin-bottom:var(--wp--preset--spacing--40)"/>



<h2 class="wp-block-heading alignfull has-text-align-center has-base-color has-contrast-2-background-color has-text-color has-background has-link-color wp-elements-0d8c1ab03980d744fe2decae50cde7d7" style="font-style:normal;font-weight:300">Skilift / Pisten</h2>



<hr class="wp-block-separator has-alpha-channel-opacity is-style-dots" style="margin-top:var(--wp--preset--spacing--10);margin-bottom:var(--wp--preset--spacing--10)"/>



<h3 class="wp-block-heading has-text-align-center">Lift / Pisten: <strong>Saisonende</strong></h3>



<p class="has-text-align-center">Piste Bärenacher: <strong>geschlossen</strong></p>



<p class="has-text-align-center">Piste Oltschür: <strong>geschlossen</strong></p>



<p class="has-text-align-center">Letzter Schneefall: 30.01.2026</p>



<p class="has-text-align-center">Schneehöhe Schafmatt: &#8211;</p>



<p class="has-text-align-center">Pistenzustand: &#8211;</p>



<hr class="wp-block-separator has-alpha-channel-opacity is-style-dots" style="margin-top:var(--wp--preset--spacing--40);margin-bottom:var(--wp--preset--spacing--40)"/>



<h3 class="wp-block-heading has-text-align-center"><span>Betriebszeiten</span></h3>



<p class="has-text-align-center">12.00 Uhr &#8211; 16.30 Uhr</p>



<p class="has-text-align-center" style="margin-top:0;margin-right:0;margin-bottom:0;margin-left:0;padding-right:var(--wp--preset--spacing--10);padding-left:var(--wp--preset--spacing--10)"></p>



<hr class="wp-block-separator has-alpha-channel-opacity is-style-dots" style="margin-top:var(--wp--preset--spacing--40);margin-bottom:var(--wp--preset--spacing--40)"/>



<h3 class="wp-block-heading has-text-align-center"><span>Preise</span> Skiticket</h3>



<p class="has-text-align-center" style="padding-right:var(--wp--preset--spacing--10);padding-left:var(--wp--preset--spacing--10)">Es steht bei der Talstation ein Kässeli bereit. Die Skiriege freut sich über einen Zustupf.</p>



<p class="has-text-align-center" style="padding-right:var(--wp--preset--spacing--10);padding-left:var(--wp--preset--spacing--10)"><strong>Bezahlung mit Twint möglich.</strong></p>



<hr class="wp-block-separator has-alpha-channel-opacity is-style-dots" style="margin-top:var(--wp--preset--spacing--40);margin-bottom:var(--wp--preset--spacing--40)"/>



<h2 class="wp-block-heading alignfull has-text-align-center has-base-color has-contrast-2-background-color has-text-color has-background has-link-color wp-elements-01787bf0c4d82a345c371133188aaac9" style="font-style:normal;font-weight:300">Skihütte / Skibar</h2>



<hr class="wp-block-separator has-alpha-channel-opacity is-style-dots" style="margin-top:var(--wp--preset--spacing--10);margin-bottom:var(--wp--preset--spacing--10)"/>



<h3 class="wp-block-heading has-text-align-center">Öffnungszeiten</h3>



<p class="has-text-align-center" style="padding-right:var(--wp--preset--spacing--10);padding-left:var(--wp--preset--spacing--10)">Bei Liftbetrieb ab 12.00 Uhr geöffnet, oder gemäss Winterprogramm</p>



<p class="has-text-align-center"><strong>Bezahlung mit Twint möglich.</strong></p>



<hr class="wp-block-separator has-alpha-channel-opacity is-style-dots" style="margin-top:var(--wp--preset--spacing--40);margin-bottom:var(--wp--preset--spacing--40)"/>



<h3 class="wp-block-heading has-text-align-center"><strong>Winterprogramm 2026 / 2027</strong>, folgt&#8230;</h3>



<p class="has-text-align-center" style="padding-right:var(--wp--preset--spacing--10);padding-left:var(--wp--preset--spacing--10)">Datum &#8212; Menu</p>



<p class="has-text-align-center">Datum &#8212; Menu</p>



<p class="has-text-align-center">Datum &#8212; Menu</p>



<p class="has-text-align-center">Datum &#8212; Menu</p>



<p class="has-text-align-center" style="padding-right:var(--wp--preset--spacing--10);padding-left:var(--wp--preset--spacing--10)">Datum &#8212; Menu</p>



<p class="has-text-align-center">Datum &#8212; Menu</p>



<p class="has-text-align-center"><strong>Saisonschluss</strong> Datum &#8212; Menu</p>

<p>Herzlich willkommen auf unserer Webseite. Wir informieren laufend, wann der Lift und die Skihütte in Betrieb, resp. offen sind. Natürlich sind wir auch auf Facebook, Instagram sowie WhatsApp aktiv, mit laufend aktuellen Beiträgen und Fotos zum Ski- und Hüttenbetrieb. Skilift / Pisten Lift / Pisten: Saisonende Piste Bärenacher: geschlossen Piste Oltschür: geschlossen Letzter Schneefall: 30.01.2026 [&hellip;]</p>
